+ 1). What is the remainder when 328 is divided by n/15 + 768/80?
8
Let f(o) = 27*o**2 + 1. What is the remainder when f(-2) is divided by (-336)/(-144) - 2 - (2 + 89/(-3))?
25
Suppose 37*p - 21*p - 14*p = 1574. Calculate the remainder when p is divided by 22.
17
Let h be (-2439)/18*(0 + 2). What is the remainder when 48 is divided by -3 + 92/28 - h/7?
9
Let z(a) = 48*a + 23. Let g be z(-9). Let r = g + 235. Calculate the remainder when 35 is divided by r/(-30) - 1/(-5).
5
Let o(f) = -f. Let y be o(-2). Suppose k = -5*q + 21, 2*q - 8 = -y*k + 74. What is the remainder when 275 is divided by k?
45
Let n(l) = 4*l - 25. Let v be n(7). Let w(b) = -5*b**2 - 7*b + 2. Let z be w(v). Let q = z - -155. What is the remainder when q is divided by 31?
29
Let j = 6 + -8. Let x(a) = -164*a + 5922. Calculate the remainder when x(36) is divided by (1/j)/((-2)/12).
0
Let g(q) = 735*q + 7422. What is the remainder when 15188 is divided by g(-10)?
68
Suppose 0 = -14*v + v + 65. Calculate the remainder when 79 is divided by 5/(100/v)*172.
36
Calculate the remainder when 302500/(-726)*((-1)/5 + -1) is divided by 142.
74
Suppose -4*g = -12 - 16. Calculate the remainder when (226/2034)/(4/2700) is divided by g.
5
Let f(q) = -q**3 - 7*q**2 + 7*q + 59. Calculate the remainder when f(-11) is divided by 39.
37
Suppose 3*u + w = 105, 2*u - 147 = -2*u + w. Let a = 305 - 280. Calculate the remainder when u is divided by a.
11
Let c(s) = -7*s**3 + s**2 + 4*s + 8. Let q be c(-4). Suppose q = 8*u - 616. What is the remainder when u is divided by 23?
19
Let k be 242/(-6) - 1/(-3). Let f = k + 42. What is the remainder when 73/(5 + -2 - f) is divided by 19?
16
Let g(d) = d**3 + 11*d**2 + 10*d - 14. Let v be g(-7). Let q = v + -73. What is the remainder when q is divided by 7?
4
Let b be (1/3)/(((-44)/48)/(-11)). Suppose h - 46 = 3*l - 6*l, b*h = -5*l + 72. Let k = 18 + -9. What is the remainder when l is divided by k?
7
Suppose 2*q - 89*a + 93*a - 240 = 0, 0 = -2*q - 2*a + 242. Calculate the remainder when 853 is divided by q/(-6)*(-12 + 17 + -8).
60
Suppose 0 = 3*f - d - d - 4, 2*d - 28 = -5*f. Suppose -104 = -3*g - 2*q, g + f*q = -10 + 38. Let h = -628 + 638. Calculate the remainder when g is divided by h.
6
Suppose -j = -3 + 1, 2*l - 5*j - 102 = 0. Let o = 80 - l. What is the remainder when (0 + (-2)/4)*(-100 - 88) is divided by o?
22
Let x be 6/(2 + (-2)/4*0). Let p = x - 1. Suppose -p*q = -8*q + 138. What is the remainder when q is divided by 13?
10
Calculate the remainder when 292 is divided by 7/((-441)/36) + (2910/21 - 4).
24
What is the remainder when 960 is divided by (0 + -15 - (-2296)/16)*(1 - -1)?
189
Let i = 8 - 5. Suppose -89 + i = -2*x. Calculate the remainder when ((-38410)/690)/((-3)/9) is divided by x.
38
Suppose 56 = 8*p - k - 107, -3*k = 5*p - 91. What is the remainder when 4714 is divided by p?
14
Let c = 45 + -42. Suppose c = w + 5*s + 21, 5*w - 30 = 5*s. What is the remainder when 33 is divided by w/(-8) - (-37)/4?
6
Suppose o - 4 + 44 = 2*a, 0 = 4*a - 5*o - 92. Let u(m) = 23*m + 5. Let c = 34 + -32. What is the remainder when u(c) is divided by a?
15
Suppose 2*g = 3*p - 4, -3*g + p + 24 = 4*p. Suppose 0 = -g*a - r + 60, -2*a + 50 = a + 2*r. What is the remainder when 93 is divided by a?
9
Suppose 14400*h - 14357*h - 224503 = 0. Calculate the remainder when h is divided by 95.
91
Let s = 23 + -3. Let h be (4/20 + 82/(-10))/(-2). Suppose h*k - 79 = 61. Calculate the remainder when k is divided by s.
15
Suppose -5*t + 172 = -w - 139, 0 = 3*t - 4*w - 173. Calculate the remainder when 8377 is divided by t.
61
Calculate the remainder when 7463 is divided by 1 + (-10)/6 - (-10 - 64/24).
11
Let k(h) = 4*h**3 - 2*h**2 + h - 3. Let m be k(-2). Let y = m - -144. Suppose 0 = 3*p + 2*p - 125. Calculate the remainder when y is divided by p.
24
Let g = -217 - -406. Suppose 10*w = w + g. Suppose -2*o + 157 = -3*t, -2*t - 301 = -5*o + 108. What is the remainder when o is divided by w?
20
Suppose 3*a + w = 1475, -4*a + 7*a - 1482 = 6*w. What is the remainder when a is divided by 152?
36
Let z = 106 + -104. Let u be (-14)/(-6) + (-10)/(-15). Suppose u*m - 11 = 7. Calculate the remainder when m is divided by z.
0
Let m(b) = -54*b + 1133. Let y be m(21). Suppose -5*t - n = -92, -2*n - 30 = -2*t + n. Let v = t - y. Calculate the remainder when 56 is divided by v.
18
What is the remainder when 418 is divided by (-35640)/1540*(-7)/3?
40
Let w(q) = q**3 - 23*q**2 + 3*q - 41. Suppose 48*a - 169 = -2*p + 47*a, p = -a + 86. Calculate the remainder when p is divided by w(23).
27
Let j be 1*3/1 - (17 + -18). Suppose -4*u + 6 = -i, 30 = 4*i + i - 5*u. Suppose -i*y - j = -14*y. What is the remainder when 6 is divided by y?
0
Let a(d) = d**3 - 5*d**2 + d. Let i be a(3). Suppose -5*o - 4*p + 272 = -o, 3*p = -o + 60. What is the remainder when o is divided by (-305)/i - (-4)/(-12)?
12
Let k = -98 - -102. Suppose o - 18 = -5*n + 7, -k*o + 116 = 4*n. What is the remainder when 59 is divided by o?
29
Suppose 0*s + 2*s + z + 2 = 0, 5*s - 2 = z. Suppose s = -11*b + 8*b + 21. Suppose 0*t - 140 = -b*t. What is the remainder when t is divided by 11?
9
Suppose 0 = -2*y + 4*f - 342, -2*y - 2*f = -0*f + 360. Let b be -1*2*-138 + (-38 - -34). Let m = b + y. Calculate the remainder when m is divided by 32.
31
Let h be (-152)/(-3)*(-162)/(-36). Let g = h - 204. What is the remainder when 167 is divided by g?
23
Let h = -5 - -37. Suppose -20906 = -60*s - 127*s + 32763. What is the remainder when s is divided by h?
31
Suppose 5*j = -k - 0*j - 16, 4*k = 2*j - 86. Let p = 33 + k. Suppose -5*h + 4*i = 6*i - 408, 5*i = -5. What is the remainder when h is divided by p?
10
Let d(m) = 5*m + 28. Let k be d(-17). Let l = k + 58. Calculate the remainder when ((117/6)/(-13))/(l/(-6)) is divided by 3.
0
Let d(a) = 265*a - 1172. Calculate the remainder when d(5) is divided by 108.
45
Suppose -5*b = 5*g - 390, 6*g + 82*b - 456 = 79*b. Calculate the remainder when g is divided by 5/(2 - (-18)/(-10)).
24
Suppose -3*v + 3*o + 8421 = 0, -2*o + 4621 = 3*v - 3795. Calculate the remainder when v is divided by 36.
34
Suppose 135*w = 623*w - 1947608. What is the remainder when w is divided by 363?
361
Suppose -4*i + 32 = -5*i. What is the remainder when 3 + -1 + -1 - i is divided by (-2)/4*(-5 + -3)?
1
Suppose 4*k = 22 + 6. Suppose -k*u - 35 = -14*u. Calculate the remainder when u is divided by ((-4)/(-10))/(4/20).
1
Let n = 955 + -625. Suppose -4*j = 2*z - 558, 5*j + 5*z = 375 + n. What is the remainder when j is divided by 14?
12
Let m = 52 - -8. Let s(w) = 2*w**3 - 16*w**2 - 3*w - 8. Let p be s(8). Calculate the remainder when m is divided by 248/p*-4 - -1.
28
What is the remainder when -10*(0 + -1) - (-3020)/10 is divided by 39?
0
Let y = 19874 - 5017. What is the remainder when y is divided by 19?
18
Suppose 951*p = 959*p - 2920. What is the remainder when p is divided by 74?
69
Suppose 3*r + 5*v - 736 = 0, -1691*r = -1686*r - 4*v - 1165. Calculate the remainder when 648 is divided by r.
174
Suppose 1069*d - 35602 = 1062*d. What is the remainder when d is divided by 53?
51
Suppose -9*q + 170 = 1088. Let z = -45 - q. Calculate the remainder when z is divided by 5.
2
Let d(w) be the first derivative of 13*w + 42 - 1/2*w**2. What is the remainder when d(-27) is divided by 4?
0
What is the remainder when (0/(-20))/(3 + -4) - -1756 is divided by 294?
286
Suppose 83*p + 8908 = 49*p. Let m = p - -376. Calculate the remainder when m is divided by 16.
2
Let q(t) = -14*t + 914. What is the remainder when q(36) is divided by 60?
50
Suppose -18*a - 4835 = -3*v - 14*a, -5*v + 2*a + 8035 = 0. Calculate the remainder when v is divided by 35.
30
Suppose 4*a = -g - 5, -8 + 1 = 2*g + 5*a. Let d be 28 - g*(0 + 0). Suppose -d - 77 = -3*t. Calculate the remainder when t is divided by 9.
8
Let u(q) = -q**2 + 15*q + 25. Suppose -11*f = 65 - 219. What is the remainder when u(f) is divided by 12?
3
Suppose -68 = -3*g + 2*h + 9, -3*h = -15. Let q be 2/6 + 52/(-117)*-1095. Suppose -33*j + q = -74. What is the remainder when g is divided by j?
12
Let b be 2/6 - 118/(-6). Let d(v) = v - 46. Let i(n) = -2*n + 92. Let h(z) = 11*d(z) + 6*i(z). What is the remainder when 70 is divided by h(b)?
18
Let u be 4 + 180/8*8/10. What is the remainder when 